+ -4?
-78858
In base 2, what is 11100101000011 - 101?
11100100111110
In base 15, what is 1a + -ac?
-92
In base 5, what is -21 + -32131?
-32202
In base 12, what is -13598 - a?
-135a6
In base 15, what is -7 + -ec56?
-ec5d
In base 12, what is 3 - -85b18?
85b1b
In base 4, what is -1 + -111230100?
-111230101
In base 4, what is 1113200011 + -10?
1113200001
In base 15, what is 545 + 18d4?
1e29
In base 9, what is -128 + -317?
-446
In base 2, what is 11101100011001100 - 10?
11101100011001010
In base 6, what is -331000 + 34?
-330522
In base 8, what is -114426 - 1?
-114427
In base 10, what is -79702 - -1?
-79701
In base 15, what is -17a75 - 12?
-17a87
In base 8, what is 7122 - 463?
6437
In base 2, what is 101 - 111011111100111100?
-111011111100110111
In base 16, what is 3ef + -325?
ca
In base 8, what is 276643 + -1?
276642
In base 11, what is 8 - -8301?
8309
In base 8, what is 734 + -200?
534
In base 7, what is 632 + 1416?
2351
In base 7, what is 3 - -654063?
654066
In base 6, what is 5 - -33325000?
33325005
In base 3, what is -11 + -21211021121?
-21211021202
In base 7, what is -3 + 566213?
566210
In base 11, what is -1 - -7598?
7597
In base 10, what is 1 - -47092?
47093
In base 13, what is 1728 + 89?
17b4
In base 7, what is -14443 + -2?
-14445
In base 5, what is 10 + -112312133?
-112312123
In base 6, what is -235332 + 1?
-235331
In base 12, what is 9aa9 + -4?
9aa5
In base 16, what is -32469 - 2?
-3246b
In base 8, what is 4677144 - 0?
4677144
In base 4, what is 22201031 - -1?
22201032
In base 15, what is -e - -b7aa?
b79b
In base 3, what is 11 - -100022202?
100022220
In base 4, what is 210 + -11233102?
-11232232
In base 9, what is 3618 - -48?
3667
In base 7, what is -13360 - -316?
-13041
In base 11, what is 23001 - 1?
23000
In base 6, what is -10532 - 23?
-10555
In base 10, what is 519582 - 1?
519581
In base 14, what is 8 - -b333?
b33b
In base 9, what is -35321 + 32?
-35278
In base 8, what is 1005320 + -2?
1005316
In base 3, what is 1202120112 - 1?
1202120111
In base 12, what is -51070 + -12?
-51082
In base 16, what is 34db - 9?
34d2
In base 8, what is 10 + 31321?
31331
In base 6, what is 31021 - -542?
32003
In base 6, what is -41412 + -3?
-41415
In base 12, what is -11011 + 4?
-11009
In base 5, what is -3442044 - -141?
-3441403
In base 12, what is -91b + 2?
-919
In base 14, what is 60c1 - 3?
60bc
In base 11, what is 90 + -7a4?
-714
In base 7, what is -401201 + -3?
-401204
In base 6, what is 452132 + -4?
452124
In base 16, what is 3 + 28d8?
28db
In base 15, what is 2d8 + -1b?
2bc
In base 16, what is 1671 - 67?
160a
In base 9, what is 55 + -41357?
-41302
In base 5, what is 2 + 1043004?
1043011
In base 11, what is -3 - -197239?
197236
In base 6, what is 4 + 44524433?
44524441
In base 15, what is -d3 + 5ed?
51a
In base 8, what is 7 + -170310?
-170301
In base 11, what is -4 + 85a4?
85a0
In base 16, what is -1ac - -7d?
-12f
In base 5, what is 31140003 + 2?
31140010
In base 2, what is -1100100011010 + -1010?
-1100100100100
In base 14, what is 62 + -428?
-3a6
In base 11, what is -11081 - 4?
-11085
In base 4, what is -1123023121 - 3?
-1123023130
In base 10, what is -59 - 16389?
-16448
In base 4, what is -1 - 11111032?
-11111033
In base 16, what is 0 + -2087e?
-2087e
In base 15, what is -1 - 34b0?
-34b1
In base 14, what is -b + cb6a?
cb5d
In base 13, what is 8 + -12339?
-12331
In base 5, what is -231 - -1414?
1133
In base 3, what is 1101002002 - -10?
1101002012
In base 16, what is -22 + -13d8?
-13fa
In base 2, what is 100001110010101010 + -1100?
100001110010011110
In base 13, what is 19 - -1c5?
211
In base 16, what is -614b - 1?
-614c
In base 6, what is -202 - -125232?
125030
In base 15, what is -3b9b - -4a?
-3b51
In base 12, what is 28 + 81b?
847
In base 16, what is 20c9 - 33?
2096
In base 16, what is 7e8 + -a?
7de
In base 6, what is -5 - 11540310?
-11540315
In base 10, what is 99251 + 2?
99253
In base 3, what is 111002021 + -12?
111002002
In base 7, what is -12436 - 2?
-12441
In base 5, what is 141 - -21303?
21444
In base 12, what is -8a4 + -320?
-1004
In base 14, what is 4 + -565c?
-5658
In base 9, what is 54641 + -4?
54636
In base 9, what is 152106 + 3?
152110
In base 5, what is -1 + -12230113?
-12230114
In base 9, what is -113 - 233?
-346
In base 16, what is 2 + 4820?
4822
In base 3, what is 112222002121 + -10?
112222002111
In base 6, what is 5 - -2035340?
2035345
In base 13, what is 3 + 2427?
242a
In base 7, what is -25 - -1313530?
1313502
In base 11, what is -2718 + -210?
-2928
In base 12, what is -142 + -396?
-518
In base 14, what is -a + -3b8?
-3c4
In base 7, what is -43115 + 30?
-43055
In base 2, what is 10001 - -101110010110?
101110100111
In base 6, what is 2 - 25455244?
-25455242
In base 6, what is 351343 - -10?
351353
In base 13, what is -1b93 - 12?
-1ba5
In base 2, what is 1001101 + -1110010?
-100101
In base 16, what is 117 + a?
121
In base 6, what is 55242142 + 5?
55242151
In base 4, what is 133101 + -3121?
123320
In base 7, what is 15 + -136600?
-136552
In base 2, what is -10000 + 1000100011100010011?
1000100011100000011
In base 5, what is -1111 - 4022?
-10133
In base 11, what is 227 + -4834?
-4608
In base 4, what is -3 - -3121311030?
3121311021
In base 14, what is -c0 + d8?
18
In base 9, what is -5 + -38383?
-38388
In base 15, what is -4d - c751?
-c79e
In base 12, what is 3 - -7178?
717b
In base 11, what is 73777 + 8?
73784
In base 9, what is 2 - 63862?
-63860
In base 4, what is -100022231 + 2?
-100022223
In base 5, what is -2 - -243142?
243140
In base 9, what is 4 - -21?
25
In base 9, what is -281 + -43?
-334
In base 15, what is -1e - -659?
63a
In base 9, what is 2303 + -1411?
782
In base 14, what is 4b58 + -3?
4b55
In base 2, what is -100010 + 101011001001010?
101011000101000
In base 2, what is 1100100 - -10101101110001?
10101111010101
In base 12, what is -b3a8 - 5?
-b3b1
In base 13, what is 78a512 - -5?
78a517
In base 14, what is 2d64 - -16?
2d7a
In base 12, what is 0 - -773a1?
773a1
In base 3, what is 21121 + -110211?
-12020
In base 4, what is -22220 - -221?
-21333
In base 2, what is -111001000010010111 + -1?
-111001000010011000
In base 3, what is -2 - -100120220?
100120211
In base 9, what is 4801 + 314?
5215
In base 16, what is 1052b + -5?
10526
In base 6, what is -151315 - 5?
-151324
In base 6, what is 14 + -20522?
-20504
In base 13, what is -8ca19 - 1?
-8ca1a
In base 6, what is 3314511 - 4?
3314503
In base 6, what is 223113 + -5?
223104
In base 7, what is 321460 - -16?
321506
In base 7, what is 14105350 - 1?
14105346
In base 11, what is -5 - -9696?
9691
In base 10, what is 234100 - -2?
234102
In base 13, what is 3047 + -7?
3040
In base 3, what is -101022022 + 101?
-101021221
In base 4, what is -100 + -111110211?
-111110311
In base 11, what is 1036 + -98?
a49
In base 13, what is 17450 - 7?
17446
In base 5, what is 141 - -2002404?
2003100
In base 11, what is 103 + 3569?
3671
In base 13, what is -5 + -152461?
-152466
In base 10, what is 11826 + 2?
11828
In base 12, what is 6 - -47721?
47727
In base 6, what is 121522 + 120?
122042
In base 13, what is -8043 + 0?
-8043
In base 12, what is -46815 + -3?
-46818
In base 2, what is -1110111000100110 + -111?
-1110111000101101
In base 7, what is -3 + 3061201?
3061165
In base 12, what is -1786b + -5?
-17874
In base 5, what is 33203410 + 2?
33203412
In base 5, what is -300 - 204142?
-204442
In base 5, what is 42333 - 412?
41421
In base 13, what is -592 + 231?
-361
In base 14, what is 1d7 - -1010?
1207
In base 8, what is -126107 + 5?
-126102
In base 4, what is -1003 + -200212?
-201221
In base 6, what is -2 + 102102?
102100
In base 9, what is -5 + -18836?
-18842
In base 11, what is -83 + 201a?
1a47
In base 15, what is 1 + -2e65d?
-2e65c
In base 4, what is -121 + -2031?
-2212
In base 14, what is -1b5 - -511?
33a
In base 4, what is -121021202 - -2?
-121021200
In base 16, what is 3 - -c8be?
c8c1
In base 6, what is -5150 + 234?
-4512
In base 16, what is -4 - -760ed?
760e9
In base 16, what is 0 + 3d9a3?
3d9a3
In base 15, what is -85 + 5c?
-28
In base 13, what is -4214 - -17?
-41ca
In base 2, what is 10111 + -10111011110111?
-10111011100000
In base 5, what is 1113 + 2214?
3332
In base 3, what is -1211 - 1201022?
-1210010
In base 15, what is 3e - -1965?
19a4
In base 16, what is -8f + -1f0?
-27f
In base 14, wh